 factors of g.
5, 349
Let b = 320 + 298. What are the prime factors of b?
2, 3, 103
Let s(b) = -3 + 2*b - 13 + 6*b - 26. List the prime factors of s(12).
2, 3
Let t = -3646 + 6738. List the prime factors of t.
2, 773
Let s = 4761 - 2730. List the prime factors of s.
3, 677
Let v(i) = -46*i**2 + i. Let f be v(-1). Suppose -l + 231 - 240 = 0. Let m = l - f. List the prime factors of m.
2, 19
Suppose 4*w = -f + 532, 3*f - 1614 = -0*w - 3*w. What are the prime factors of f?
2, 3, 5
Suppose -126928 = -51*a - 5242. What are the prime factors of a?
2, 1193
Suppose -3*a + 180 = a. Let b = a - 28. Suppose -4*d = 4*u - 60, -5*d + 65 = -4*u + b. What are the prime factors of d?
2, 3
Let u = 280 + 28. Let p = -179 + u. List the prime factors of p.
3, 43
Let s = 109 + -74. Let k = s + 40. List the prime factors of k.
3, 5
Let q(i) = -i**2 + 14*i + 2. Let x be q(14). Suppose -7*f = -x*f - 20. Suppose -f*p = -183 + 23. What are the prime factors of p?
2, 5
Let i(g) = -73*g**3 + g. Let d be i(1). Let f = d - -120. List the prime factors of f.
2, 3
Suppose r = -34 + 38. Suppose -r*w = -6 + 10. What are the prime factors of (-7)/w*(-4)/(-2)?
2, 7
List the prime factors of (1768/10)/(86/215).
2, 13, 17
Suppose -2*l + 5*r + 37 = -l, 3*l = 5*r + 61. Let x(s) = 2*s + 10. List the prime factors of x(l).
2, 17
Suppose -21575 = 725*j - 730*j. What are the prime factors of j?
5, 863
Suppose 2*w = -19 - 21. Let s(a) = a**3 + 20*a**2 - 2. Let t be s(w). What are the prime factors of (-3)/(5/t + 2)?
2, 3
Suppose -38*o - 904 = -46*o. List the prime factors of o.
113
Let z = -1696 - -2679. List the prime factors of z.
983
Let q(p) = -3*p**2 - 15*p - 7. Let r be q(-5). Let c = 19 - r. What are the prime factors of c?
2, 13
Let u = 8 + -23. Let k be (-48)/5 - (-6)/u. Let i = 17 + k. List the prime factors of i.
7
Let b = 16 + -19. Let g(o) = 8*o**2 - 1. Let h be g(b). Suppose 0 = -5*w + 29 + h. What are the prime factors of w?
2, 5
Let i = -91 - -149. Suppose -i = -2*y - 0*c - 4*c, 5*y = c + 90. What are the prime factors of y?
19
Let x = -18 + 9. What are the prime factors of (-396)/x - (1 - -2)?
41
Suppose -4*g = -5*n + 1792, 4*n = 2*n + 2*g + 718. List the prime factors of n.
2, 89
Let b = 474 + -470. Let l = 172 - 53. Suppose l = 3*g - 0*g + 4*r, 2*g - b*r - 106 = 0. What are the prime factors of g?
3, 5
Suppose -5*c + 2266 = 5*d - 1689, 2*c + 779 = d. What are the prime factors of d?
787
Let i(a) = -52*a**2 + 6*a - 30. Let r be i(-10). What are the prime factors of r/(-25) - 2/(-5)?
2, 53
Suppose -3*c + 63 = 7*m - 5*m, -5*c = 2*m - 101. Suppose -3*r = 2*z - 55, -1 = -2*r - 3. Suppose -z = -6*l + c. What are the prime factors of l?
2
Let k(j) be the first derivative of -j**4/4 + 13*j**3/3 - 2*j**2 - 7*j - 17. List the prime factors of k(12).
89
Let h = 23 - 20. Suppose 2 + h = -m. Let b = m - -30. What are the prime factors of b?
5
Suppose c = -2 - 0. What are the prime factors of 759/12 + c/8?
3, 7
Let q(n) = 4*n**3 - 38*n**2 + 16*n + 74. Let h(y) = 3*y**3 - 25*y**2 + 11*y + 49. Let r(s) = 7*h(s) - 5*q(s). What are the prime factors of r(-15)?
2, 3
Let q = -261 - -441. What are the prime factors of q?
2, 3, 5
Let z(u) = 2*u**2 - 2*u - 6. Suppose 2*v = -3*v + 30. Let q be z(v). Let s = 75 - q. List the prime factors of s.
3, 7
List the prime factors of 2555/18 + 21/378.
2, 71
Let q be (-1)/2*2*-3. Let s = 40 - q. Let m = -11 + s. What are the prime factors of m?
2, 13
Suppose 2*d + 0 + 0 = 0. Suppose d*l = 4*l - 112. List the prime factors of l.
2, 7
Let m = -12 + 36. Suppose 2*a - m = -0. Let y = a - 6. List the prime factors of y.
2, 3
Let k be 64/(-5)*(-5 - -30). Let s = -224 - k. Suppose s = 5*d - 74. List the prime factors of d.
2, 17
Let b = 112 + -67. List the prime factors of (32/(-6))/((-6)/b).
2, 5
Suppose -n + 34 = 27. Let t = -4 - -6. Suppose s + d = 24, -t*d - 97 = -4*s - n*d. List the prime factors of s.
23
Suppose -37*a + 12*a + 28925 = 0. What are the prime factors of a?
13, 89
Let c(i) = 21*i**2 + 43*i - 165. List the prime factors of c(4).
7
Suppose 2*q + 0*q = 4*o + 1428, 0 = -5*q - o + 3548. List the prime factors of q.
2, 5, 71
Let g = -942 - -1492. What are the prime factors of g?
2, 5, 11
Let i(l) be the second derivative of l**4/6 + l**3 + 9*l**2 + 20*l. List the prime factors of i(8).
2, 97
Let i(t) = 11*t + 217. List the prime factors of i(36).
613
Let m be -1 + 1 + 3 + 2. Let t be m/(-15) - (-122)/6. Suppose 6*c + 2*j = c + 143, -t = -5*j. What are the prime factors of c?
3
Let s = -92 + 101. What are the prime factors of (s/((-18)/(-532)))/(2 + 0)?
7, 19
Let s(u) = u**3 - 6*u**2 - 7*u + 9. Let g(n) = 2*n + 13. Let r be g(-3). List the prime factors of s(r).
3
What are the prime factors of ((-59247)/(-348))/(2 + (-410)/208)?
2, 13, 227
Let y(v) = 2*v + 1. Let m be y(2). Suppose 2*t - t + 3*a = -m, -5*t = -5*a - 35. Suppose -t*n = n - 60. What are the prime factors of n?
2, 3
Let c = 22 + 40. Suppose -4*n + 8 = -2*t + c, 31 = t + 2*n. What are the prime factors of t?
29
Let y(x) be the first derivative of -7/2*x**2 - 13*x - 1. What are the prime factors of y(-7)?
2, 3
Suppose -h - 5*q = 2*h - 45, -5*q + 15 = 0. Let w = h - 2. Suppose 3*k + w = 4*b, b - 2 = 8*k - 4*k. What are the prime factors of b?
2
What are the prime factors of ((-63)/12 + 0)/(48/(-15104))?
2, 7, 59
What are the prime factors of ((-45)/21)/5 + (-7540)/(-35)?
5, 43
What are the prime factors of -3 - -348 - (8 - (-2 - -6))?
11, 31
Suppose 0 = -c + 68 - 62. Suppose -4*d + o = -300, c*d - 3*d - 3*o = 225. What are the prime factors of d?
3, 5
Let t = -44 - 58. Let d = -48 - t. List the prime factors of d.
2, 3
Let b = 233 + -135. Let d = 168 - b. Let m = -50 + d. What are the prime factors of m?
2, 5
Let g = 90 - -464. What are the prime factors of g?
2, 277
Suppose 18*z + 5*v = 17*z + 763, 3*z - v = 2209. List the prime factors of z.
2, 3, 41
Suppose 3*v = 127 + 305. Let y = 201 - v. List the prime factors of y.
3, 19
Let u(v) = -v**2 - 12*v + 16. Let f be u(-13). Suppose -f*h + 457 - 113 = 4*p, -3*p = h - 258. What are the prime factors of p?
2, 43
Suppose 3*h + 0*h = t - 11, -3*t = -3*h - 33. Let k(r) = 9*r**2 - 8*r - 17*r**3 + 9*r**3 + 7*r**3 + t. List the prime factors of k(8).
11
Suppose s = -5, -b + 2*b + s - 208 = 0. Suppose -2*g + b = 3*x - 48, -2*g = 5*x - 263. What are the prime factors of g?
3, 43
Let h be -3 + 18 + -1 + 3. Suppose 0 = w - 2 - h. Suppose 3*o - 124 = -w. What are the prime factors of o?
5, 7
Let s(y) = 7*y + 212. What are the prime factors of s(24)?
2, 5, 19
Let v = 2934 + -1229. What are the prime factors of v?
5, 11, 31
Suppose -72 = -0*l - l. Suppose l = 5*t - 18. What are the prime factors of t?
2, 3
Let a = -290 + 159. Let d(b) = b**3 - 13*b**2 + 13*b + 5. Let f be d(9). Let i = a - f. List the prime factors of i.
71
Let p be 1295/(-25) - 1/5. Let i = p + 116. Suppose i = 6*d - 4*d. List the prime factors of d.
2
Suppose -38 = -4*r - 134. Let y be ((-1)/2)/((-2)/r). What are the prime factors of y*(-5)/2 - 0?
3, 5
Let w = -935 + 3395. List the prime factors of w.
2, 3, 5, 41
Let n(p) = p - 4. Let v be n(5). Let o(w) = -w**3 - w**2 - 2*w - 6. Let d be o(-2). Let q = v + d. List the prime factors of q.
3
Let k(w) = 489*w**3 - 488*w**3 + 3*w**2 + 7*w + 3*w**2 - 24*w. List the prime factors of k(5).
2, 5, 19
Let x = 161 - -72. Let t = x - 153. What are the prime factors of t?
2, 5
What are the prime factors of (8 - -2)/2 - (-1257 + -35)?
1297
Suppose 14 = -9*k + 446. List the prime factors of k.
2, 3
Suppose 11*c - 26734 = 6*c - 2*n, 0 = -4*c - 2*n + 21388. List the prime factors of c.
2, 3, 11
Let t be -2 + 8 + 1 + 0. What are the prime factors of (-1)/t - (4074/(-49) + 1)?
2, 41
Let s(u) = 7*u - 5 - 19 - 1. List the prime factors of s(10).
3, 5
Let b(c) = -c**2 - c. Let w be b(2). Let r = 3 + w. List the prime factors of 3 - (-34 + r - -3).
37
Suppose -j - 6 = -10. List the prime factors of ((-2924)/(-119))/(j/14).
2, 43
Let u = 12 + -5. Let h = 11 - u. List the prime factors of 2/8 - (-27)/h.
7
Let o = 29 - 27. Let m(f) = 23*f**2 - f - 3. Let z be m(o). Suppose n = j - 24, 5*n = -5*j + j + z. List the prime factors of j.
23
Suppose -5*h = -5*c, 0*c + 8 = h + 3*c. Let p(x) = 7*x**3 + 4*x**2 - 6*x + 3. List the prime factors of p(h).
3, 7
Suppose